{"id":7,"date":"2013-03-18T12:10:27","date_gmt":"2013-03-18T12:10:27","guid":{"rendered":"https:\/\/www.catubone.net\/wordpress\/?page_id=2"},"modified":"2013-03-18T12:10:27","modified_gmt":"2013-03-18T12:10:27","slug":"sul-catubone","status":"publish","type":"page","link":"https:\/\/www.catubone.net\/wordpress\/sul-catubone\/","title":{"rendered":"Definizione di catubone"},"content":{"rendered":"<p>Il catubone \u00e8 quello con i calli alle ginocchia. Per\u00f2 le ginocchia hanno consumato i banchi della chiesa. Il catubone \u00e8 cristiano, cattolico, devoto, attento osservante dei riti, attivo nelle iniziative parrocchiali, assiduo frequentatore  della parrocchia (non manca nessun appuntamento), ama mostrare la sua devozione ed affidarsi ad ogni esteriorit\u00e0 atta a manifestare la sua fede al mondo.<br \/>\nDel catubone nessuno potrebbe ragionevolmente dire nulla circa la consistenza della sua fede. Ma di solito tutti dicono male.<\/p>\n","protected":false},"excerpt":{"rendered":"<p>Il catubone \u00e8 quello con i calli alle ginocchia. Per\u00f2 le ginocchia hanno consumato i banchi della chiesa. Il catubone \u00e8 cristiano, cattolico, devoto, attento osservante dei riti, attivo nelle iniziative parrocchiali, assiduo frequentatore della parrocchia (non manca nessun appuntamento), ama mostrare la sua devozione ed affidarsi ad ogni esteriorit\u00e0 atta a manifestare la sua [&hellip;]<\/p>\n","protected":false},"author":2,"featured_media":0,"parent":0,"menu_order":0,"comment_status":"open","ping_status":"open","template":"","meta":{"footnotes":""},"class_list":["post-7","page","type-page","status-publish","hentry"],"_links":{"self":[{"href":"https:\/\/www.catubone.net\/wordpress\/wp-json\/wp\/v2\/pages\/7","targetHints":{"allow":["GET"]}}],"collection":[{"href":"https:\/\/www.catubone.net\/wordpress\/wp-json\/wp\/v2\/pages"}],"about":[{"href":"https:\/\/www.catubone.net\/wordpress\/wp-json\/wp\/v2\/types\/page"}],"author":[{"embeddable":true,"href":"https:\/\/www.catubone.net\/wordpress\/wp-json\/wp\/v2\/users\/2"}],"replies":[{"embeddable":true,"href":"https:\/\/www.catubone.net\/wordpress\/wp-json\/wp\/v2\/comments?post=7"}],"version-history":[{"count":0,"href":"https:\/\/www.catubone.net\/wordpress\/wp-json\/wp\/v2\/pages\/7\/revisions"}],"wp:attachment":[{"href":"https:\/\/www.catubone.net\/wordpress\/wp-json\/wp\/v2\/media?parent=7"}],"curies":[{"name":"wp","href":"https:\/\/api.w.org\/{rel}","templated":true}]}}